*3 - 6*u + 9. Let n(b) = -2*m(b) + 5*z(b). What is n(2)?
4
Let p(k) be the first derivative of k**3/3 - 2*k**2 + k - 36. Suppose r + v + 14 = 3*v, -v = -3*r - 42. Let z = -9 - r. Determine p(z).
6
Let c(y) = -y**2 + 5*y - 2. Let n(s) = -2*s**2 + 2*s**2 + 5 + 3*s**2 - 21*s + 4. Let o(d) = 9*c(d) + 2*n(d). What is o(2)?
-6
Let m(u) = -u**2. Let x(p) = -2*p**2 + 3*p + 1. Let g(k) = -2*k**3 + k**2 + 4*k + 3. Let d be g(-1). Let i be x(d). Determine m(i).
-1
Let o(l) = -3*l - 25. Let t(x) = 8*x + 81. Let d be t(-11). Calculate o(d).
-4
Let l(c) = 27 - 76 + 4*c + 27 + 26. Let n(r) = 7*r + 8. Let x(v) = 5*l(v) - 3*n(v). Calculate x(-4).
0
Let g(w) = 2 - 143*w - 1 + 144*w. Let t be (-1*2)/(3/(-12)). Determine g(t).
9
Let o(x) be the second derivative of -3*x**5/4 - x**3/6 + 3*x - 10. Give o(1).
-16
Let q(c) be the second derivative of -c + 0*c**2 + 8 - 1/6*c**3. What is q(5)?
-5
Let p(c) = -c**2 - 2*c. Let k(v) = 4*v**2 - 6*v + 1. Let n(m) = -k(m) + 2*p(m). What is n(1)?
-5
Let i be (2 - 1)*15*(-3)/(-9). Let s(p) = 0*p**2 + i*p**2 + 0*p**2 + 3*p - 8*p**2 + 1 - p**3. Determine s(-4).
5
Let b be (4/2)/((-132)/(-66)). Let m(a) = a - 1. Let x(h) = -2*h + 3. Let j(p) = 17*m(p) + 6*x(p). Calculate j(b).
6
Let l = 28 + -6. Suppose 3*g + 1 = w - 1, 0 = -2*g - 4*w + l. Let c(s) = -4*s + 3. Let h(r) = 1. Let a(u) = -c(u) + 4*h(u). Give a(g).
5
Let b = -8 - -20. Suppose h = 5*h + b. Let z(n) = 6*n**3 + 3*n**2 + 4*n + 2. Let r(p) = -p**3. Let o(g) = -5*r(g) - z(g). Give o(h).
10
Let v(m) = m - 120*m**2 - 12 + m + 11 + 121*m**2. Let t be ((-2)/(-4))/((-1)/(-40)). Suppose -y - h + 3 = 2*h, -4*h + t = -4*y. What is v(y)?
2
Let t(g) = 3. Let r(m) = 2*m + 1. Let u(h) = -r(h) - 4*t(h). What is u(-4)?
-5
Let q(u) be the second derivative of -u**4/12 + u**3/2 - u**2 - 2*u. Let c be (14/35)/((-1)/(-50)). Suppose c = 5*f - f. Give q(f).
-12
Suppose -6*f + 15 = -f. Let i(m) = m + 3. Let o be i(0). Let h(d) = 9*d - 6 + 13*d**o - 14*d**f - 5*d**2 - 4*d. Calculate h(-6).
0
Suppose -5 = -2*q + r, -q + 0*r - 2*r = 0. Let d(w) = -5 + 0 + 3*w**q + 3*w - 4*w + 3. Determine d(2).
8
Suppose 3*q = 5*g + 98, -2*q = -5*g - 73 + 11. Let i(d) = 3 + q*d**3 - 22*d**3 - 4*d**2 - 15*d**3. What is i(-3)?
-6
Let n(q) = -q**3 + 89*q**2 + 6 + 6*q + 99*q**2 - 192*q**2. Calculate n(-5).
1
Suppose -30*q + 31*q + 5*i = 6, -24 = -4*q + 5*i. Let v(u) be the first derivative of u**2 + 1/4*u**4 - 4/3*u**3 - q + 4*u. What is v(4)?
12
Let k(l) = -12*l**2 - 49*l - 3. Let u be k(-4). Let s(t) = -14*t**3 + 2*t**2 - 1. Determine s(u).
-13
Let o(v) be the first derivative of 5/12*v**4 + 0*v**2 + 1/6*v**3 + 3 + 7*v. Let p(f) be the first derivative of o(f). Calculate p(1).
6
Let u(x) be the third derivative of -17*x**2 + 5/3*x**3 + 1/24*x**4 + 0*x - 1/60*x**5 + 0. Calculate u(0).
10
Suppose -5*o + 42 = -3*z - 5, -z = 5*o - 51. Let v(y) = -y**3 + 11*y**2 - 12*y. What is v(o)?
-20
Suppose z = 2, -h - 4*h + 3*z - 46 = 0. Let g(c) = 8*c**3 + 1 - 2*c + 2 - 12 - 8*c**2 - 9*c**3. What is g(h)?
7
Let o(s) = 3*s**2 + s + 1. Let p(u) = 16*u**2 + 5*u + 6. Let d(l) = 11*o(l) - 2*p(l). Let j(x) = -x - 7. Let q be j(-9). What is d(q)?
5
Let c(z) = 2*z**3 + 2*z**2 - z. Let i be (-3*(-3)/9)/((-3)/(-300)). Suppose -i + 96 = -4*m. Give c(m).
3
Suppose -2*g - 6*g + g = 0. Let b(p) = -p**3 - p - 1. What is b(g)?
-1
Let j(x) = -3*x - 9. Let d be j(-4). Let i be -3 - -6*d/(-9). Let b(r) be the first derivative of -r**2/2 - r + 1. Calculate b(i).
4
Suppose -32 = 18*z - 2*z. Let t(y) = -11*y + 1. Calculate t(z).
23
Let h(y) = -5*y - 38. Let b be h(-8). Let l(o) = -6*o + 5*o**b - 3 + 2 + o**3 - 2*o**3 + 6. What is l(4)?
-3
Let r(f) = 6 + 0*f - 6 - f + 1. Calculate r(2).
-1
Let d(i) = 70*i + 4*i**2 - i**3 - 4*i**2 - 69*i. Calculate d(-1).
0
Let x be -10*1*2/(-2). Let l(g) = 18 + 194376*g - 5 - 194377*g. What is l(x)?
3
Let u(p) be the first derivative of -p**3/3 - 2*p**2 - 3*p - 58. What is u(-4)?
-3
Let f(g) = 14*g. Let t = 84 - 82. Determine f(t).
28
Let y(s) = 7*s + 9 + 35 - 8 + s**3 + 6 + 7*s**2. Determine y(-7).
-7
Let x(k) be the second derivative of k**6/120 + k**5/10 - 5*k**4/24 + 3*k**3/2 - 10*k**2 + 21*k. Let g(j) be the first derivative of x(j). Determine g(-7).
-5
Let w(n) = -5 + 22 - 3*n - 4*n. Let l(g) = 3*g - 8. Let a(t) = -5*l(t) - 2*w(t). Let r be (-5 - -5)/(2 - 0). Give a(r).
6
Let q(g) = -4*g**3 - g**2 - 3*g. Let s(d) = 2*d + 4*d**2 + 12*d - 5 + 4 + 2*d + 21*d**3. Let x(n) = 11*q(n) + 2*s(n). Suppose -4*a = 3 + 5. Give x(a).
4
Let n(q) = -q**2 + 10*q + 17. Let j(h) = 3*h - 12. Let o be j(8). Let r be n(o). Let c(t) = -t**3 - 6*t**2 + 4*t - 7. Give c(r).
14
Let m(j) = 5*j**2 + 8*j - 4. Let h(p) = -9*p**2 - 16*p + 7. Let n = -25 + 28. Suppose -2*w = -n*w + 4. Let i(d) = w*h(d) + 7*m(d). Determine i(-8).
0
Suppose 0 = 2*n - 2*x, 3*n = 2*x + 4 - 0. Let s(c) = c**3 + 1 - 2*c**2 - 6*c + n*c + c + 3*c**2. Give s(-3).
-14
Suppose -5*p - 10 = 5*h - 0*p, -3*p = h + 6. Let m(q) be the first derivative of h*q + 1/2*q**2 - 6. Give m(4).
4
Let o(j) be the third derivative of 0 - 1/40*j**6 - 7*j**2 + 0*j + 1/6*j**3 - 1/60*j**5 + 0*j**4. What is o(-1)?
3
Let g(a) = 62 - 55 - a**2 + 2*a + 2*a + 3*a + 5*a. Calculate g(13).
-6
Let h(q) be the first derivative of -1/2*q**2 - 1 - 10*q. Calculate h(-9).
-1
Suppose x - 3*v - 10 = 0, 2*x - 6 - 11 = 3*v. Let j(o) = x*o**2 - 2*o**2 - 3 - 7 - 4*o**2 - 5*o. Calculate j(8).
14
Let r(m) = -25*m + 56. Let x be r(2). Let g(a) = a**2 - 5*a - 1. Determine g(x).
5
Let z(n) = n**3 - 5*n**2 + 4*n - 2. Let l(p) = -p**2 + 6*p + 13. Let s be l(8). Let c be (1 + -3)*(-5 - s). Let x be z(c). Let i(u) = -4*u. Calculate i(x).
8
Let r(y) = -y**3 + y**2 + 5. Suppose 5*o = -h - 18 + 46, 3*o - 4 = h. Let b be h/40 - 1/5. What is r(b)?
5
Let f(v) = -7 + 3*v + v - 2*v. What is f(3)?
-1
Let p(t) = t**3 - 20*t**2 + 2*t - 37. Let h be p(20). Suppose -6 = -b - k, h*b - 2*k - 4 = 24. Let m(u) = -u**3 + 7*u**2 + 9*u - 11. What is m(b)?
-3
Let b = 80 + -77. Let t(w) = 2*w**2 - 5*w + 1. Give t(b).
4
Let b = -7 - -12. Let q(s) = -3*s - 3. Let p(g) = -5*g - 8. Let i(w) = 2*p(w) - 3*q(w). Calculate i(b).
-12
Let t = -19 - -20. Let i be (8/(-1))/(1/t). Let u(v) = v**3 + 7*v**2 - 7*v + 3. Determine u(i).
-5
Let u(l) be the third derivative of -l**4/24 - 3*l**3/2 + l**2 + 2531*l. Suppose 0*o - 22 = 2*o. Give u(o).
2
Let i(s) = -s**3 - 8*s**2 - 7*s + 3. Let n be i(-7). Suppose -n*a + a = 0. Suppose -15 = -a*q + 5*q. Let p(j) = -j**2 - j + 2. Calculate p(q).
-4
Let q(l) = 4*l**3 + 7*l**2 + 2*l + 2. Let x(v) = -9*v**3 - 14*v**2 - 3*v - 5. Let i be 9/2*-2*4/12. Let f(p) = i*x(p) - 7*q(p). Calculate f(-6).
-5
Let l(s) = -s**2 - 4*s + 12. Let r be l(2). Let v(a) be the third derivative of -a**6/120 - a**5/60 - a**4/24 - 7*a**3/6 + a**2. What is v(r)?
-7
Let o be 2/2 + 12/3. Let v = 104 + -98. Suppose -v*r + o*r = 4. Let x(n) = n**3 + 4*n**2 + n - 3. Give x(r).
-7
Let y(v) = -48 - 66*v**2 + 65*v**2 - 10*v + 41. What is y(-10)?
-7
Let d(v) be the first derivative of v**3/3 - 3*v**2 + 4*v + 3. Let z = 8 - -2. Let j be (25/z)/((-1)/(-2)). What is d(j)?
-1
Let r(p) be the first derivative of -7*p**2/2 - 7*p + 446. Give r(-6).
35
Let n(z) be the second derivative of z**3/6 + 11*z**2/2 - 35*z. Let f be n(-14). Let s(v) = -v**2 - 4*v + 3. What is s(f)?
6
Let k = 15 + -13. Let g be ((-20)/5 - -5)*k. Suppose -19 = g*b - 5*c, -c = -3*b + 2*c - 6. Let t(u) = u**3 - 5*u**2 + 2*u + 4. Calculate t(b).
-8
Let k(j) = j**2. Let c(d) = -5*d**2 - 7*d - 2. Let x(z) = -c(z) - 4*k(z). Suppose 6 = -2*q - 8. Calculate x(q).
2
Let f(q) be the first derivative of 10*q**2 - 14*q**2 + 4 + 1. Let j(k) = -k + 8. Let i be j(7). What is f(i)?
-8
Suppose 0 = -8*r + 4*r - 16. Let w be r/(3 - -1)*-4. Let n(q) = -q**2 + q + 1. Determine n(w).
-11
Suppose 4 = 5*u - 2*h - 2, 0 = h - 2. Let q be (-90)/u + 3 + 2. Let b be q/12*(-18)/15. Let v(w) = -w**3 + 5*w**2 - 3*w - 3. What is v(b)?
1
Let a(n) = 2*n - 3 + 2 - 1. Suppose -11*w = -5*w + 54. Let f(s) = -2*s - 20. Let o be f(w). What is a(o)?
-6
Suppose 280 = 11*q - 6*q. Suppose 4*v = 12*v - q. Let o = v - 9. Let m(c) = c**2 - c. Give m(o).
6
Let a be (52/(-3))/(1/(-3)). Suppose 5*t - 4*t = 5*r - a, 3*r = -t + 36. Let x = r + -10. Let b(q) = -6*q**2 + 1. Calculate b(x).
-5
Let t(v) = 13*v**3 + v - 1. Suppose 2*i - 2 = 4. L